ose 7 = -f + 37. Let b be ((-18)/15)/((-4)/f). Suppose 5*i = s + b, i - 4*s + 0 = 17. What is the units digit of i?
1
Let r(k) = k**2 - 6*k - 6. Let w be r(6). Let v be (10*-2)/(w/12). Suppose -2*y - v = -4*y + 2*z, 4*y - 83 = 3*z. What is the tens digit of y?
2
Let w(o) = 6*o**2 - o - 8. What is the tens digit of w(4)?
8
Suppose 3*k + 4 = 1. Let w be 8 + (-1 + 2)*k. Let u = w - -4. What is the tens digit of u?
1
Suppose -3*n - 11 = -2, 3*r - 4*n - 39 = 0. What is the tens digit of 4*4 + 27/r?
1
Suppose 3*p + 2*p - 760 = 0. Suppose 7*j = 3*j + p. What is the tens digit of j?
3
Suppose -14*d = -9*d - 1550. What is the hundreds digit of d?
3
Suppose 7*f = 2*f + 45. Let b(h) = h - 2. Let r be b(4). Suppose 2*m + 5*k = -f, -3*m - r*k + 6 = m. What is the units digit of m?
3
Suppose 0*z - 135 = -3*z. What is the units digit of z?
5
Let t(w) be the first derivative of w**4/4 - 5*w**3/3 + w**2 - 6*w + 2. Let u = -10 - -15. What is the units digit of t(u)?
4
Let g be 0/(-4) + 28/4. Let y(c) = c**2 + 3*c + 2. Let j be y(-3). Let t = j + g. What is the units digit of t?
9
Suppose 4 = k - 1. Suppose -8*y - 12 = -k*y. Let c(m) = m**3 + 3*m**2 - 7*m - 5. What is the units digit of c(y)?
7
Suppose 2*d - 3 = 3*d, 2*m - 2*d = -816. What is the tens digit of m/(-15) + (-3)/(-5)?
2
Suppose -2*r - 2 + 6 = 0, 4 = 3*n - 4*r. Suppose -3*y - 10 = 2*o - 3*o, 3*y + 22 = n*o. Suppose o*v = 2*u + 1 - 7, -9 = -3*u - v. What is the units digit of u?
3
Suppose 0 = -9*x - 883 + 2098. What is the tens digit of x?
3
Suppose -6*a = -2*a. Let p(o) = o**3 - o**2 + 13. What is the tens digit of p(a)?
1
What is the tens digit of 29 + 0 - (0 - 3)?
3
What is the tens digit of 2/8 + 309/12?
2
Let v(i) = 2*i**2 + 4*i - 19. What is the tens digit of v(-8)?
7
Let c(p) = -p**3 - p**2 - 3*p + 47. What is the tens digit of c(0)?
4
Let y = -108 - -180. Suppose -2*k + i = -61, -4*i = 4*k - y - 44. What is the tens digit of k?
3
Suppose -4*n - 18 - 14 = 0. What is the units digit of n*(-1 - (1 - -2))?
2
Let h(p) = p**3 + 3*p**2 - 3*p + 4. Let m be h(4). What is the units digit of (0 - -2)*m/16?
3
Suppose 0*f - 48 = 2*f. What is the units digit of (2/6)/((-2)/f)?
4
Let d be 4 + -1 + -1 - -3. Suppose 0 = u + 3, -d*j = -u + 5*u - 128. What is the tens digit of j?
2
Let i = -5 + 9. Suppose i*y = y + 36. Let z = -2 + y. What is the tens digit of z?
1
Let b(w) = -w + 14. What is the units digit of b(-5)?
9
Suppose -6*b + b = -20. Suppose -2*j = -j - b. What is the units digit of j?
4
Let u(y) = y**2 - 10*y + 2. Let a be u(10). Let m(p) = a*p**2 - 8 - p - p**2 - 3*p + 10. What is the units digit of m(4)?
2
Suppose w - 2 = 0, -c - 250 = -6*c - 5*w. What is the tens digit of c?
4
Suppose 0*d - 3*d = p - 8, 0 = 4*d + 3*p - 9. What is the units digit of 21/3 + 2 - d?
6
Let w(n) = -13*n**3 + n**2. Let y be w(1). Let g(t) = t. Let i be g(-5). Let c = i - y. What is the units digit of c?
7
Let n(l) = -l**3 - 2*l - 2*l**2 - 2*l**2 + 9*l**2 - 2. Let s be n(5). Let g = s + 18. What is the units digit of g?
6
Let b = 15 + -10. Let z = 6 - b. What is the units digit of z?
1
Let t = 2 + 5. Suppose t*l - 5*l - 28 = 0. What is the units digit of l?
4
Let z(g) = 3*g**2 - g - 2. Let c be z(-3). Let a = -11 + c. Suppose -2*x + 3*x + 3*l = a, x - 5*l = -23. What is the units digit of x?
2
Suppose 0 = -x + 3 + 1. Suppose -7*i + 3*i + x = 0. What is the units digit of i?
1
Let d(x) = 20*x**2 - 2. What is the tens digit of d(4)?
1
Let o(t) = -t**3 + 10*t**2 - 9*t - 4. Let d be o(9). Let s = -6 - d. What is the units digit of (1 - 0 - -5) + s?
4
Let u = 57 + -36. Let c = u - 10. What is the tens digit of c?
1
Suppose -4*x - 2*w + 54 = 0, -4*x + 5*w + 110 - 35 = 0. What is the tens digit of x*(3 + (-7)/3)?
1
Let v be ((-2)/(-3))/(6/27). Suppose -v*h + 4 = -2*h. What is the tens digit of (-56)/(-6) - h/(-6)?
1
What is the units digit of 1485/21 + (-6)/(-21)?
1
Let j(r) = -r**2 + r - 2. Let t(f) = -f**2 + f - 3. Let y(g) = 5*j(g) - 6*t(g). Let k be (0/(-2*1))/1. What is the units digit of y(k)?
8
Suppose 4*j = -3*n + 44, -n = -5*n. Suppose 0*s = -4*s + 12, -5*s = 2*r - j. What is the tens digit of r + 12 + 9/3?
1
Let m = -49 - -112. Let j = m - 22. What is the tens digit of j?
4
Suppose -i + 4*i - 180 = 0. Suppose -3*j = -0*j - i. What is the units digit of j?
0
Let f = 10 + 2. What is the tens digit of 0 + 1 + (f - 2)?
1
Let n be (1 - -1) + 5 + -4. Let p = n - -2. What is the units digit of p?
5
Let h(s) = 2*s**3 - 7*s**2 - 3*s + 7. What is the tens digit of h(5)?
6
Let c = -10 - -35. Suppose y + y - 5*n = c, -5*y + 3*n + 34 = 0. What is the units digit of y?
5
Suppose y - 5 = 0, 5*g - 9 - 1 = 3*y. What is the units digit of g?
5
Let y(i) = -i**2 + 17*i + 4. What is the units digit of y(17)?
4
Let r(u) = -u - 1. Let x be r(-1). Suppose x = -0*f - f + 18. What is the tens digit of f?
1
Let l be (-5)/(15/99) + 0. What is the tens digit of (-104)/(-6) + 11/l?
1
Suppose -y = -f - 9, 3*y + 11 + 22 = -3*f. Suppose 2*b = -2*b + 68. Let u = f + b. What is the units digit of u?
7
Suppose -2*v = -36 - 96. Let f = -30 + v. Suppose l = -3*o + 17, -5*o + f = 4*l - o. What is the units digit of l?
5
Suppose 126 = 4*s - 2*z, 4*z - 7*z = s - 42. What is the tens digit of s?
3
Let u = -111 - -215. What is the units digit of u?
4
Suppose -5*o + 4*s = -7, 2*o = 4*s + s - 4. Suppose 92 - 26 = o*n. Suppose 6 = -4*v + n. What is the units digit of v?
4
Let v(x) = -5*x**3 - 7*x**2 - 4 + 6*x - 4*x**3 + 10*x**3. Let s be v(6). What is the tens digit of s/(-6) + 86/6?
1
Let a(p) = -p**3 + 2*p + 4. Let o be (-8)/20 + (-13)/5. What is the tens digit of a(o)?
2
Suppose -5*c = -r - 313, -2*c + r - 65 = -3*c. Suppose 22 - c = -3*w - 4*o, 2*o - 87 = -5*w. What is the units digit of w?
9
Let c be 55/1*6/15. What is the units digit of (-2)/((-4)/c)*1?
1
Let a be (0 - -3)/((-12)/(-320)). Suppose l + 3*l + 44 = -3*m, 3*m - 5*l = -a. What is the units digit of m*(18/(-15))/3?
8
Let u(n) = n + 45. What is the units digit of u(-21)?
4
What is the units digit of -2 + 3 + 9 + -1?
9
Suppose 3*u = 5*u + 12. What is the tens digit of (u/5)/((-5)/50)?
1
Suppose 0 = 4*u - 4*k - 420, -4*k + 5*k + 5 = 0. Let p = -47 + u. What is the tens digit of p?
5
Suppose 5*g + 4*b - 16 - 4 = 0, 0 = 2*b - 10. Let z = 43 + -39. Suppose 4*v = g, 3*p - 23 = z*v + 1. What is the units digit of p?
8
Let s = -1 + 3. Let l be 1 + -3 + 4/s. Let w(q) = -q + 8. What is the units digit of w(l)?
8
Suppose -5*z + 7*z - 112 = 0. Suppose 0 = 5*j - z - 64. What is the tens digit of j?
2
Let j be (-48)/(-21) - 2/7. Suppose 2*p = v - 28, 5*p + j = -18. What is the units digit of v?
0
Let b(v) be the second derivative of v**4/12 - 7*v**2 + v. Let n be b(0). What is the units digit of 4/n - 58/(-7)?
8
Let j be -1 + 1 + (-3)/3. What is the units digit of (j + 4)/((-3)/(-5))?
5
Let k(o) = 44*o + 35. What is the tens digit of k(4)?
1
Let j(z) = -9*z - 15. What is the tens digit of j(-8)?
5
Let y be 1/2 + 9/2. Suppose -y*c + 15 + 10 = 0. Suppose 50 = c*v - 0*v + 4*m, 0 = -4*m - 20. What is the tens digit of v?
1
Let o(d) = -d + 1. Let h be o(1). Suppose -4*b - b + 55 = h. What is the tens digit of b?
1
What is the hundreds digit of -17*1*(-12 + 3)?
1
Let b = 2 - 0. Suppose b*u - 3 + 2 = 3*f, -4*f - 32 = 5*u. Let z = 2 - u. What is the units digit of z?
6
Suppose 6*l - 12*l + 114 = 0. What is the tens digit of l?
1
Let a(p) = -5 + 2*p - 1 - p**2 + 4*p. Let f = -19 + 23. What is the units digit of a(f)?
2
Let y(r) = r + 21. Let s(w) = -w - 11. Let t = -10 + 7. Let q(u) = t*y(u) - 5*s(u). What is the units digit of q(7)?
6
Let b be (3 - (-8)/(-2))*10. What is the units digit of 8/20 + (-216)/b?
2
What is the tens digit of (52/(-16))/((-2)/24)?
3
Suppose 2*z + 7 = -5*r - 11, -r + 6 = -2*z. What is the units digit of 6 - 1/(r/4)?
8
Suppose -t + 24 = -b + 5*b, 0 = -t + 4*b - 16. Suppose 4*h - 16 + t = 0. What is the units digit of -2 + (h + 2 - -2)?
5
Let d be (-4 - -6)/(4/130). Suppose -f = -6*f + d. What is the tens digit of f?
1
Suppose 5*f = 2*f + 75. Suppose -5 = 4*y - f. Let a = y + 12. What is the tens digit of a?
1
Suppose 5*t + 2*b + b - 49 = 0, t - 21 = 5*b. What is the tens digit of t?
1
Suppose 14 = 5*l - 26. Suppose -3*p + 5 = -l*p. Let m = 2 + p. What is the units digit of m?
1
Suppose 5*h = 4 